. Is 268 + 1 + -2 + g a composite number?
False
Let x = -435 + 274. Let g = x - -274. Is g prime?
True
Suppose 267 = -0*i + i. Is i/4 + 2/8 composite?
False
Let s = 2444 - 1693. Is s composite?
False
Suppose -1871 = -6*m + 571. Let i = 670 - m. Is i prime?
True
Let o(v) = 16*v**3 - v**2 + 2*v + 1. Let f be o(2). Suppose 0 = 2*g - f - 9. Is g a prime number?
False
Let j(c) = 30*c - 13. Is j(3) a composite number?
True
Is (-2)/9 - 1282/(-18) prime?
True
Suppose -66 = i - 739. Is i a composite number?
False
Suppose 5*l = -9*t + 4*t - 530, 0 = 5*l - 25. Let o = t + 238. Is o a prime number?
True
Suppose 4*a = -c + 1871, 4*c - 5853 - 1631 = -4*a. Is c a prime number?
True
Suppose -r - 2*r = -3*p + 489, -805 = -5*p - 5*r. Let f = -67 + p. Is f a prime number?
False
Is 8/(-4) - (2 + -2207) prime?
True
Let s(v) = 4*v**3 + 3*v**2 - 7*v + 7. Is s(8) prime?
False
Suppose 4*s - 16 = -0. Suppose -3*i - 4*n + 113 = 0, 4*n = s*i + n - 184. Is i composite?
False
Suppose 3*p + 3 = 12. Suppose p*v - 4*d - 33 = 328, -v = -d - 120. Is v composite?
True
Let z(r) = 163 + 3*r**2 - 5*r**2 + 0*r**2 + 3*r**2. Is z(0) a prime number?
True
Suppose 0 = 5*w - 3 - 2. Let u = w - -2. Suppose -q = -5*z - 29, 6*q = q + u*z + 233. Is q a prime number?
False
Let w be 17/4 + 7/(-28). Suppose -4*v + w*i + 0*i = -160, 2*i = -4*v + 166. Suppose v = g - 0*g + z, -g + 5*z = -29. Is g prime?
False
Suppose -4*b = -0 - 8. Suppose -110 = b*l - 0*l. Let i = -22 - l. Is i composite?
True
Suppose 0 = -3*k - o + 3578, 4*k + o = 2*o + 4773. Is k a composite number?
False
Let c(a) = 56*a**2 - 5*a + 12. Is c(-5) prime?
False
Let s = 866 - 493. Is s prime?
True
Let n = 28 + -15. Let b = 19 - n. Is b a prime number?
False
Let s(k) = -k**2 - 8*k + 2. Let h be s(-5). Let i = h + -12. Suppose 0 = i*c + 5*b - 45, 3*c - 19 = 2*c + b. Is c composite?
True
Let z(p) = -4*p**3 - p**2 + 3*p - 6. Is z(-5) prime?
False
Suppose 0*y = -y + 2. Let r = y - -1. Suppose u + r*u + g = 56, 4*u = -3*g + 64. Is u a composite number?
False
Let v = -59 + 138. Suppose 0*u - 5*u = 2*p - 250, -207 = -4*u - 3*p. Let j = v - u. Is j composite?
False
Suppose 0 = -n - 0*n + 191. Is n composite?
False
Suppose 4*v - 204 = -3*n, -v + 5*n + 18 = -33. Is v prime?
False
Let g(u) be the first derivative of 4*u**3/3 - 17*u**2 + 36*u + 2. Let a(r) = r**2 - 7*r + 7. Let w(m) = 11*a(m) - 2*g(m). Is w(-9) a composite number?
True
Suppose -3*p = -p - 2174. Is p a prime number?
True
Let k be 0 + -2 + -21 + 7. Let j be 2/(-8) + (-4)/k. Suppose j = -q + 17 + 14. Is q a prime number?
True
Let o(q) = -q**2 - 4*q. Let i be 2/2 + -5 + 1. Let g be o(i). Suppose -4*l + g*l = 2*b - 28, 0 = -3*l - 4*b + 94. Is l composite?
True
Suppose -j = -2*g - 26, -166 = 3*j - 8*j + g. Is j a composite number?
True
Let k = 136 - 203. Let z be -2 + (k + 0 - 2). Let o = -6 - z. Is o a composite number?
True
Is (-18)/(-30) + (-13604)/(-10) a prime number?
True
Let n(z) = 223*z**2 + 1. Let g be n(-1). Let a = 313 - g. Is a a composite number?
False
Let h = -12 - -29. Let o(y) = -5*y**2 + h*y**2 + 1 - 4*y + 6*y. Is o(2) a prime number?
True
Let b(t) = t + 46. Suppose -3*z + z - 12 = 0. Let h = -6 - z. Is b(h) a composite number?
True
Let i(s) = 6*s**2 + 1. Let z(c) = -c - 6. Let k be z(-3). Is i(k) prime?
False
Suppose 0 = b - 3 - 0, b - 1019 = -4*i. Is i a composite number?
True
Let s(h) = 36*h**3 - 4*h - 3. Let v(t) = 36*t**3 + t**2 - 5*t - 4. Let f(j) = -3*s(j) + 2*v(j). Is f(-1) a prime number?
True
Let i be (-2 - 4/(-2))/2. Suppose 5*q - 2*b = 2*b + 2435, q + 5*b - 487 = i. Suppose -3*y = 52 - q. Is y composite?
True
Is 1/(-5) - 108048/(-40) prime?
False
Let v be 55/45 - (-2)/(-9). Is ((-157)/v)/(9 - 10) a composite number?
False
Let l(q) = 7*q**3 + 3*q**2 + 3*q + 4. Let r be l(3). Suppose -4*v + b = -7*v + r, 4*v = -3*b + 302. Is v a prime number?
False
Let b(j) = 10*j**2 - 4*j - 9. Is b(-4) a prime number?
True
Let l(u) = -u**3 - 2*u**2 + 2*u + 409. Is l(0) a composite number?
False
Suppose 1163 + 238 = 3*m. Is m prime?
True
Let f = 6 + -9. Let q be (-2)/f + (-100)/(-12). Suppose q = p - 4. Is p a composite number?
False
Let c = -35 + 220. Is c prime?
False
Let x be 4/(10/4 - 2). Suppose -3*h + x*h - 635 = 0. Is h composite?
False
Let s = 13 - -2. Suppose v - 6*v - s = 0. Is (1 + v)/((-2)/7) a prime number?
True
Let r = 3 + -2. Let f = 18 + r. Is f prime?
True
Let j(d) = -34*d + 3. Let y be j(-8). Suppose -k - y = -6*k. Is k prime?
False
Let l be (-6)/(-24) + 5150/8. Suppose -4*d + 0*d = -l. Is d a composite number?
True
Let y(d) = 1 + 4*d**2 + 0*d**2 + d**3 + 6*d + 2*d**2. Let n be y(-4). Is (-6)/n*(-114)/4 composite?
False
Suppose 6 - 2 = 2*t. Let k be t - (3 + -1) - -3. Is 87 - (9 + -3)/k a composite number?
True
Suppose -9*r = -4*r - 10. Is (-4)/(r + -6) + 177 a prime number?
False
Let o be (-1)/((-2)/248)*8. Suppose -4*m = -5*m - p - 254, -4*m - o = -2*p. Let h = m - -453. Is h prime?
False
Let w = -309 - -490. Is w composite?
False
Let m(x) be the first derivative of -90*x**2 - x + 3. Is m(-4) prime?
True
Let m = -2 + 3. Let f = m + -1. Suppose 5*l - 2 - 183 = f. Is l a prime number?
True
Suppose 0*l + 5692 = 4*l. Is l a prime number?
True
Suppose -w + 5*w = -2124. Let i = 944 + w. Is i prime?
False
Let c = 872 - 385. Is c composite?
False
Is 1467/13 - 18/(-117) prime?
True
Let l = -657 + 1698. Is l prime?
False
Let h = -443 - -814. Is h composite?
True
Let g = -7 - -26. Let r = g + -5. Is r composite?
True
Is (-994)/42*(-6 + 0) a prime number?
False
Let b = -329 - -1484. Let d = b - 478. Is d a prime number?
True
Let l = 1 + 2. Suppose -5*f = j - 96, 5*j - 2 = l*j. Is f prime?
True
Is (4/(-12))/((-1)/2163) composite?
True
Let a(i) = 573*i - 22. Is a(7) a prime number?
True
Let r(h) be the second derivative of -83*h**4/24 + h**2/2 - h. Let n(z) be the first derivative of r(z). Is n(-1) prime?
True
Let m(k) = -k**2 + 1. Let c(j) = -53*j**2 + j + 1. Let v(x) = -c(x) + 2*m(x). Let w(u) = u + 4. Let a be w(-3). Is v(a) a prime number?
False
Suppose -5*t + t + 432 = 0. Let r = -59 + t. Suppose -74 = -4*i + 5*f + r, -2*i + 4*f = -54. Is i a composite number?
False
Suppose -2 = -h, 0*h = 5*q - 4*h - 4907. Is q prime?
True
Let u(n) = 21*n + 3. Let o be u(7). Suppose 2*i + 173 = 5*t + 3*i, -5*i - o = -4*t. Is t composite?
True
Suppose 5*g + 2819 = 15714. Is g a prime number?
True
Suppose -5*g = -10*g + 955. Is g composite?
False
Let m(f) = -2*f - f - 1 + 165*f**2 + 4*f**2 + f. Is m(2) a composite number?
True
Let r = 3 + -2. Suppose -m + 42 = -r. Is m a prime number?
True
Suppose p = -3*p + 3*i - 15, p - i + 3 = 0. Let f be (-8)/(p/(-3)) - -2. Is 172/16 + f/(-8) composite?
False
Is (-1)/(3*(-4)/852) prime?
True
Let t(c) = 22*c**2 - 3*c - 2. Is t(3) prime?
False
Let y(l) = l**3 + 8*l**2 + 3*l - 5. Let n be y(-6). Suppose -4*g = -4*o - 40, -2*g = 4*o + 3*g + n. Is (-14)/77 + (-343)/o a composite number?
False
Let s be (-3)/6 + 207/(-6). Let c = 73 + s. Suppose -3*l - c = -3*p - 4*l, 2*p = 4*l + 2. Is p a prime number?
True
Suppose -19*m + 16986 = -13*m. Is m prime?
False
Let t(f) = 2*f - 14. Let h be t(7). Let i(v) = v**3 - v**2 + 127. Is i(h) prime?
True
Suppose s - 13 + 58 = 0. Let k = s - -338. Is k a composite number?
False
Let z = 412 + -227. Is z composite?
True
Let y = -2 + 5. Suppose a + 2*g + y*g - 22 = 0, g = -3*a + 94. Let x = a - 21. Is x composite?
False
Suppose 3*o - 20 - 16 = 0. Let d be (2/(-3))/((-8)/o). Is 2/(3 - d) - -122 a prime number?
False
Let u(k) = 17*k - 3. Let d be (-14)/4 - (-7)/14. Let n be u(d). Let i = -17 - n. Is i a composite number?
False
Suppose -k + 2 = -91. Suppose 2*n - k = -n. Is n composite?
False
Let w(q) = 8 + 2*q + 5*q + 2*q**2 - 1 + 2*q**2. Is w(-6) composite?
False
Is (1 + 1654/3)/(7/21) prime?
True
Suppose -3*f = -8*f. Suppose -5*i = -5*s + 240, f*s = 5*s + 4*i - 285. Is s a prime number?
True
Let f(c) = -3*c - 13. Let t be f(-5). Suppose -5*g + t*g = -573. Is g composite?
False
Suppose -y - 1222 = 4*j + 808, -2*y + 1020 = -2*j. Let r be j/(-5) + (-12)/(-30). Suppose a - 246 + 88 = -3*m, 4*a = -2*m + r. Is m a composite number?
False
Let k(s) = -16*s - 1. Let m be k(-1). Let o = m - 4. Is o a composite number?
False
Suppose -5*u + 592 = -678. Is u composite?
True
Suppose 16 = a + a. Let f = a + -10. Is f*(3 - 30/4) a